485 and 279.
93
What is the greatest common factor of 56 and 49?
7
What is the highest common factor of 48 and 1544?
8
Calculate the highest common factor of 539 and 33.
11
Calculate the greatest common factor of 1612 and 3328.
52
What is the highest common divisor of 444 and 555?
111
What is the greatest common factor of 265 and 4505?
265
What is the greatest common factor of 59 and 11?
1
Calculate the greatest common divisor of 6441 and 114.
57
Calculate the greatest common factor of 1764 and 162.
18
Calculate the highest common divisor of 810 and 972.
162
Calculate the highest common factor of 648 and 12.
12
What is the greatest common factor of 209 and 21527?
209
What is the greatest common factor of 36 and 6057?
9
What is the highest common divisor of 825 and 150?
75
Calculate the highest common divisor of 1116 and 5.
1
What is the greatest common factor of 4 and 182?
2
Calculate the highest common divisor of 625 and 190.
5
Calculate the highest common divisor of 25067 and 7.
7
Calculate the highest common factor of 4158 and 1584.
198
Calculate the highest common factor of 31599 and 18.
9
What is the highest common factor of 51 and 37689?
51
What is the highest common divisor of 973 and 7?
7
What is the greatest common factor of 435 and 1160?
145
Calculate the greatest common divisor of 754 and 232.
58
What is the highest common divisor of 15 and 45?
15
Calculate the highest common divisor of 1421 and 145.
29
Calculate the highest common factor of 540 and 72.
36
What is the greatest common divisor of 2 and 424?
2
What is the highest common factor of 28 and 6818?
14
Calculate the highest common factor of 26 and 403.
13
What is the greatest common divisor of 165 and 5115?
165
Calculate the highest common factor of 5292 and 392.
196
What is the greatest common factor of 19 and 703?
19
What is the highest common factor of 730 and 40?
10
What is the greatest common divisor of 13 and 1157?
13
What is the highest common divisor of 28 and 2674?
14
What is the greatest common divisor of 152 and 266?
38
What is the highest common factor of 28645 and 340?
85
Calculate the greatest common factor of 26 and 34164.
26
What is the greatest common factor of 9165 and 390?
195
What is the greatest common divisor of 484 and 121?
121
What is the greatest common factor of 208 and 117?
13
Calculate the greatest common divisor of 408 and 240.
24
Calculate the greatest common factor of 2236 and 104.
52
What is the highest common factor of 3 and 2646?
3
Calculate the highest common factor of 300 and 500.
100
What is the greatest common divisor of 7 and 169?
1
Calculate the highest common factor of 560 and 385.
35
Calculate the greatest common factor of 451 and 44.
11
Calculate the highest common divisor of 830 and 350.
10
Calculate the highest common divisor of 126 and 490.
14
What is the greatest common factor of 147 and 651?
21
Calculate the greatest common divisor of 26537 and 119.
119
Calculate the highest common factor of 28996 and 220.
44
Calculate the greatest common factor of 123 and 21.
3
What is the greatest common divisor of 44 and 253?
11
Calculate the highest common factor of 147 and 210.
21
Calculate the greatest common divisor of 567 and 441.
63
Calculate the greatest common divisor of 312 and 48.
24
What is the highest common factor of 21 and 1085?
7
What is the greatest common factor of 5120 and 20?
20
What is the highest common factor of 97 and 9409?
97
What is the greatest common factor of 567 and 162?
81
What is the highest common divisor of 28 and 217?
7
Calculate the greatest common factor of 235 and 1974.
47
Calculate the highest common factor of 10 and 125.
5
Calculate the greatest common factor of 1 and 49.
1
What is the highest common factor of 1558 and 1216?
38
What is the greatest common factor of 53 and 689?
53
Calculate the highest common divisor of 12363 and 39.
39
Calculate the highest common factor of 60 and 180.
60
What is the highest common factor of 19964 and 84?
28
What is the greatest common divisor of 13 and 6799?
13
Calculate the greatest common factor of 3664 and 80.
16
What is the greatest common divisor of 96 and 536?
8
Calculate the greatest common divisor of 2080 and 195.
65
Calculate the greatest common divisor of 2827 and 33.
11
What is the greatest common factor of 31 and 37944?
31
What is the highest common divisor of 24 and 1304?
8
Calculate the highest common factor of 96 and 212.
4
What is the highest common divisor of 5760 and 900?
180
What is the greatest common divisor of 108 and 1674?
54
What is the highest common divisor of 14 and 2338?
14
Calculate the greatest common factor of 54 and 81.
27
What is the highest common divisor of 111 and 2997?
111
Calculate the highest common divisor of 34 and 69.
1
What is the highest common factor of 69 and 943?
23
Calculate the highest common divisor of 5 and 455.
5
Calculate the highest common divisor of 11 and 979.
11
Calculate the greatest common factor of 3904 and 1408.
64
Calculate the greatest common factor of 836 and 2052.
76
What is the highest common factor of 621 and 69?
69
Calculate the greatest common factor of 261 and 29.
29
What is the highest common divisor of 61 and 61?
61
Calculate the greatest common divisor of 240 and 96.
48
Calculate the greatest common divisor of 8835 and 135.
15
Calculate the highest common divisor of 1090 and 654.
218
Calculate the greatest common factor of 391 and 119.
17
What is the greatest common factor of 693 and 6867?
63
What is the greatest common factor of 117 and 36?
9
Calculate the greatest common factor of 86 and 43.
43
Calculate the highest common divisor of 20 and 180.
20
What is the greatest common factor of 5 and 226?
1
What is the greatest common divisor of 352 and 64?
32
What is the highest common factor of 1534 and 1768?
26
Calculate the greatest common factor of 3476 and 44.
44
Calculate the highest common factor of 259 and 63.
7
What is the greatest common divisor of 84 and 12?
12
What is the greatest common factor of 174 and 354?
6
Calculate the highest common divisor of 7175 and 35.
35
Calculate the greatest common factor of 16 and 32.
16
What is the highest common factor of 18802 and 238?
238
What is the highest common factor of 2840 and 10?
10
What is the greatest common factor of 154 and 42?
14
What is the greatest common divisor of 10 and 2710?
10
What is the greatest common factor of 621 and 2461?
23
Calculate the highest common divisor of 33 and 561.
33
What is the greatest common factor of 1440 and 256?
32
What is the highest common factor of 15358 and 14?
14
What is the highest common factor of 8 and 32?
8
What is the highest common divisor of 308 and 28?
28
Calculate the highest common divisor of 133 and 475.
19
What is the greatest common divisor of 412 and 4?
4
Calculate the highest common factor of 5 and 65.
5
What is the greatest common factor of 7922 and 102?
34
Calculate the greatest common factor of 752 and 1168.
16
What is the highest common divisor of 7227 and 66?
33
What is the greatest common divisor of 171 and 2451?
57
What is the greatest common factor of 40 and 100?
20
What is the greatest common divisor of 64 and 208?
16
Calculate the highest common factor of 102 and 18.
6
Calculate the greatest common factor of 306 and 221.
17
What is the highest common factor of 16201 and 17?
17
What is the greatest common divisor of 10680 and 120?
120
What is the greatest common factor of 78 and 9360?
78
What is the greatest common divisor of 328 and 738?
82
Calculate the highest common divisor of 95 and 50.
5
Calculate the highest common factor of 960 and 4.
4
Calculate the greatest common factor of 64 and 36.
4
What is the highest common factor of 67 and 4757?
67
What is the highest common factor of 189 and 135?
27
Calculate the greatest common factor of 6 and 912.
6
Calculate the greatest common factor of 360 and 4500.
180
What is the greatest common factor of 429 and 33?
33
Calculate the highest common factor of 48 and 276.
12
What is the greatest common divisor of 1953 and 189?
63
What is the highest common factor of 135 and 120?
15
What is the highest common factor of 1573 and 104?
13
Calculate the greatest common divisor of 143 and 2288.
143
Calculate the highest common factor of 791 and 1